{"id":140,"date":"2020-12-04T11:39:14","date_gmt":"2020-12-04T10:39:14","guid":{"rendered":"http:\/\/internetseite-projekt.de\/globalbau-gmbh.de\/?page_id=140"},"modified":"2026-03-13T11:02:44","modified_gmt":"2026-03-13T10:02:44","slug":"uber-uns","status":"publish","type":"page","link":"https:\/\/gal-baufirma.de\/?page_id=140","title":{"rendered":"\u00dcber uns"},"content":{"rendered":"<p><img loading=\"lazy\" decoding=\"async\" class=\"size-medium wp-image-467 alignleft\" src=\"http:\/\/gal-baufirma.de\/wp-content\/uploads\/2023\/05\/IMG-20230522-WA0025-169x300.jpg\" alt=\"\" width=\"169\" height=\"300\" srcset=\"https:\/\/gal-baufirma.de\/wp-content\/uploads\/2023\/05\/IMG-20230522-WA0025-169x300.jpg 169w, https:\/\/gal-baufirma.de\/wp-content\/uploads\/2023\/05\/IMG-20230522-WA0025.jpg 577w\" sizes=\"auto, (max-width: 169px) 100vw, 169px\" \/><\/p>\n<p>Unser Team besteht aus hochmotivierten, engagierten und \u00e4u\u00dferst leistungsorientierten Fachkr\u00e4ften, die seit vielen Jahren qualitativ hochwertige Dienstleistungen f\u00fcr private und gewerbliche Kunden in M\u00fcnchen und Umgebung erbringen. Unser Schwerpunkt liegt unter anderem auf der Sanierung und Renovierung von Geb\u00e4uden. Jede Baustelle gehen wir mit h\u00f6chster Professionalit\u00e4t und Zuverl\u00e4ssigkeit an und garantieren eine Ausf\u00fchrung auf h\u00f6chstem Niveau. Dank unserer langj\u00e4hrigen Erfahrung, kombiniert mit innovativen und kreativen Ideen sowie Materialien von h\u00f6chster Qualit\u00e4t, gew\u00e4hrleisten wir eine 100%ige Leistung. Im Laufe der Jahre haben wir das Vertrauen zahlreicher Unternehmen, Ingenieure, Architekten und Privatkunden gewonnen, die nun zu unseren treuen Stammkunden z\u00e4hlen. Wir sanieren und renovieren sowohl private Wohnungen und H\u00e4user als auch B\u00fcrofl\u00e4chen und andere gewerbliche Objekte. Neben der professionellen Ausf\u00fchrung bieten wir auch eine zuverl\u00e4ssige und kompetente Fachberatung \u2013 unabh\u00e4ngig davon, ob Sie als Privatkunde oder als Unternehmen mit uns zusammenarbeiten m\u00f6chten. Wir freuen uns auf Ihren Anruf, um gemeinsam einen Termin zu vereinbaren. Sie k\u00f6nnen uns auch gerne eine E-Mail senden \u2013 nutzen Sie daf\u00fcr bitte die Kontaktseite auf unserer Webseite.<\/p>\n<p><a href=\"https:\/\/galbau.de\/\">#M\u00fcnchen<\/a> <a href=\"https:\/\/galbau.de\/\">#Sanierung<\/a> <a href=\"https:\/\/galbau.de\/\">#Renovierung<\/a> <a href=\"https:\/\/galbau.de\/\">#Geb\u00e4udeservice<\/a> <a href=\"https:\/\/galbau.de\/\">#Baudienstleistungen<\/a> <a href=\"https:\/\/galbau.de\/\">#Fachberatung<\/a> <a href=\"https:\/\/galbau.de\/\">#Privatkunden<\/a> <a href=\"https:\/\/galbau.de\/\">#Gewerbekunden<\/a> <a href=\"https:\/\/galbau.de\/\">#Erfahrung<\/a> <a href=\"https:\/\/galbau.de\/\">#Qualit\u00e4t<\/a> <a href=\"https:\/\/galbau.de\/\">#Zuverl\u00e4ssigkeit<\/a> <a href=\"https:\/\/galbau.de\/\">#Kundenzufriedenheit<\/a><\/p>\n","protected":false},"excerpt":{"rendered":"<p>Unser Team besteht aus hochmotivierten, engagierten und \u00e4u\u00dferst leistungsorientierten Fachkr\u00e4ften, die seit vielen Jahren qualitativ hochwertige Dienstleistungen f\u00fcr private und gewerbliche Kunden in M\u00fcnchen und Umgebung erbringen. Unser Schwerpunkt liegt unter anderem auf der Sanierung und Renovierung von Geb\u00e4uden. Jede Baustelle gehen wir mit h\u00f6chster Professionalit\u00e4t und Zuverl\u00e4ssigkeit an und garantieren eine Ausf\u00fchrung auf h\u00f6chstem [&hellip;]<\/p>\n","protected":false},"author":1,"featured_media":0,"parent":0,"menu_order":0,"comment_status":"closed","ping_status":"closed","template":"","meta":{"footnotes":""},"class_list":["post-140","page","type-page","status-publish","hentry"],"_links":{"self":[{"href":"https:\/\/gal-baufirma.de\/index.php?rest_route=\/wp\/v2\/pages\/140","targetHints":{"allow":["GET"]}}],"collection":[{"href":"https:\/\/gal-baufirma.de\/index.php?rest_route=\/wp\/v2\/pages"}],"about":[{"href":"https:\/\/gal-baufirma.de\/index.php?rest_route=\/wp\/v2\/types\/page"}],"author":[{"embeddable":true,"href":"https:\/\/gal-baufirma.de\/index.php?rest_route=\/wp\/v2\/users\/1"}],"replies":[{"embeddable":true,"href":"https:\/\/gal-baufirma.de\/index.php?rest_route=%2Fwp%2Fv2%2Fcomments&post=140"}],"version-history":[{"count":12,"href":"https:\/\/gal-baufirma.de\/index.php?rest_route=\/wp\/v2\/pages\/140\/revisions"}],"predecessor-version":[{"id":581,"href":"https:\/\/gal-baufirma.de\/index.php?rest_route=\/wp\/v2\/pages\/140\/revisions\/581"}],"wp:attachment":[{"href":"https:\/\/gal-baufirma.de\/index.php?rest_route=%2Fwp%2Fv2%2Fmedia&parent=140"}],"curies":[{"name":"wp","href":"https:\/\/api.w.org\/{rel}","templated":true}]}}